Suppose y + 10 - 264 = 0. List the prime factors of y.
2, 127
Suppose -7*w + 5*w + 8 = 0. Suppose -4*g + 432 = w*g. List the prime factors of g.
2, 3
Suppose -2*n = -q - 4*q - 279, 4*q + 218 = -n. Let t = -85 - q. Let h = -18 - t. List the prime factors of h.
2, 3
Let a(q) = -3*q**2 - 17*q - 2. Let u be a(-11). Let d = 320 + u. What are the prime factors of d?
2, 71
Suppose 5*z + 5450 = 3*h, 699 = h - 3*z - 1123. List the prime factors of h.
2, 5, 181
Let t = 35 - 13. Let o = t - -38. Suppose 0 = -4*c - 4 + o. List the prime factors of c.
2, 7
Let s(t) = 4*t**3 - 2*t**2 - t - 3. Let c = 32 - 29. List the prime factors of s(c).
2, 3, 7
Let w(u) = -u**2 - 4*u - 3. Let z be w(-3). Suppose 0 = -h - 2, -3*i + 2*h + h + 6 = z. What are the prime factors of 2/(i - (-4)/32)?
2
Let c(d) be the second derivative of -d**5/20 + 13*d**4/12 - 5*d**3/2 + 11*d**2/2 - 20*d. List the prime factors of c(11).
2, 11
Let s be 0 + -1 + 3 + 87. Let u = s + -160. Let q = -25 - u. List the prime factors of q.
2, 23
Suppose -5*d + 35 + 454 = r, -488 = -5*d - 2*r. Let s = 169 - d. List the prime factors of s.
71
Suppose -2*q - z + 10 = 0, -1 = -3*q + 5*z + 1. Suppose -2*b + 4 = -q. List the prime factors of -3 - 5/(b + -5).
2
Suppose 3*g - 2*x = -18, -4*g - 4*x = -g. Let j be (-6)/4*g/1. Let u(h) = 4*h - 6. What are the prime factors of u(j)?
2, 3
Let l(t) = 153*t**2 + t - 3. List the prime factors of l(-3).
3, 457
What are the prime factors of (654/18)/(148/36 + -4)?
3, 109
Let r be ((-1)/(-2))/(1/(-14)). Let w(u) = u**3 + 7*u**2 + 6*u - 2. Let z(n) = n - 1. Let q(x) = -w(x) + 3*z(x). What are the prime factors of q(r)?
2, 5
Let j = -19 - -20. Suppose -n + 2*t = -4, 8 = 5*n + t - j. Suppose 0*d + n*d = 40. What are the prime factors of d?
2, 5
Let a(f) = f**2 + 20*f + 27. Let p(j) = j**2 + 20*j + 26. Let i = -7 + 0. Let o(t) = i*p(t) + 6*a(t). What are the prime factors of o(-8)?
2, 19
Let j be 52/3 - (-2)/3. Let h = j - -15. List the prime factors of h.
3, 11
Let h be ((-56)/(-12))/((-2)/(-3)). Suppose h*b - 12 = 3*b. Suppose b - 23 = -4*z. What are the prime factors of z?
5
Suppose -50 = 4*f - 7374. What are the prime factors of f?
1831
Let o = 700 + -154. List the prime factors of o.
2, 3, 7, 13
What are the prime factors of ((-2)/4)/((-97)/729052)?
2, 1879
Let l = 376 + -192. List the prime factors of l.
2, 23
Suppose 7 = -3*o + 16. Suppose -4*f + 7*f = -5*m + 45, 0 = o*f - 15. Suppose -5 = -c + m. What are the prime factors of c?
11
Suppose -5*t - 3*c = -1140, 3*t - 703 = -3*c + 5*c. Let a = t - 163. What are the prime factors of a?
2, 17
Let w(z) = 3*z - 41. Let q be w(-12). Let c = 215 + q. What are the prime factors of c?
2, 3, 23
Let t(q) = q**3 + 13*q**2 - 8*q - 29. List the prime factors of t(-13).
3, 5
Suppose 0 = -7*g + 2394 + 5901. What are the prime factors of g?
3, 5, 79
Suppose -17567 = 3*v - 8*v + 4*k, 14050 = 4*v - 5*k. What are the prime factors of v?
5, 19, 37
Let c(q) = -17 + 7 + 8*q - 7*q. Let z be c(-11). Let y = z + 45. List the prime factors of y.
2, 3
Let q(n) = 3*n**2 + n. Let d be q(-1). Suppose -5*o - 2*v = -3*o + 16, d*v = -o - 13. List the prime factors of (-16)/o - 2/(-3).
2, 3
Suppose -u + 3*m - 387 + 2818 = 0, -m = -5*u + 12113. What are the prime factors of u?
2, 7, 173
Let l(s) = -s**2 - 8*s - 9. Let r be l(-6). Let g(d) = -d**r + 8*d**2 - 3*d**2 - 3 + 7*d + 1 + 7. What are the prime factors of g(6)?
11
Let p(c) = -2*c - 4. Let a(w) = w. Let m(j) = 3*a(j) + p(j). Let h be m(7). Suppose u - 116 = -h*u. What are the prime factors of u?
29
Let l = 92 - 37. Let c be ((-40)/(-35))/(10/595). Suppose 0 = 3*n - c - l. What are the prime factors of n?
41
Let p = 10 + -7. Let t(x) = -2*x - 4. Let d be t(p). Let o(s) = -s**3 - 11*s**2 - 11*s - 6. What are the prime factors of o(d)?
2
Let j(x) = -19*x - 12 - 8 + 18 - 7. Let c(s) = 9*s + 4. Let d(o) = -5*c(o) - 2*j(o). What are the prime factors of d(-5)?
3, 11
Let l(q) be the first derivative of 3*q**4/4 - 5*q**3/3 - 2*q**2 + 12*q + 17. List the prime factors of l(4).
2, 3
Suppose 2*z - 7*z + 3*f = -40, -10 = -z + f. Suppose 4*j + z*t = 84 + 106, -4*t - 108 = -2*j. What are the prime factors of j?
2, 5
Suppose -p = 4*p + 10, 5*p = -2*b - 6. Suppose b*l - 18 = 106. What are the prime factors of l?
2, 31
Let c be 3 - 8/((-8)/15). Let t(q) = 2 - 10 - c*q - 5*q**2 + 4*q**2 - 4. What are the prime factors of t(-8)?
2, 17
Suppose -5*l + 0*p + p + 100 = 0, 20 = l + 3*p. Let o be (-4)/l - 18/(-15). List the prime factors of (o/(-1) - -1) + 36.
2, 3
Let j(r) = r**3 + r**2 + r + 1. Let x(i) = -2*i**3 - 5*i**2 + 2*i + 3. Let u(b) = 3*j(b) + x(b). What are the prime factors of u(3)?
2, 3, 5
Let v(g) = g**2 - 2*g + 1. Let c be v(1). Let x(a) = 12*a**2 - a - 4. Let w be x(3). Suppose y - w + 34 = c. List the prime factors of y.
67
Suppose -77 - 13 = -5*f. Suppose 0 = -5*s - 3 + f. Suppose -s*d - 28 = -7*d. What are the prime factors of d?
7
Let l be (-16)/8*(-33)/2. Suppose -5*h + 257 = -l. List the prime factors of 3/(h/26 - 2).
13
Let h be (-38)/(-4) + (-1)/2. Let f(y) = y**3 - 10*y**2 + 10*y. Let l be f(h). Suppose 4*n = 41 - l. What are the prime factors of n?
2
What are the prime factors of -6 - -7 - 4 - -375?
2, 3, 31
Let x = -785 - -1437. What are the prime factors of x?
2, 163
Let x = -45 + 52. Suppose x*h - 4*h - 237 = 0. List the prime factors of h.
79
Suppose 3*y = p + 1 + 3, 3*p = y + 4. Suppose a - 3*a = -p*b - 4, -4*b = -2*a. List the prime factors of (29/b)/(3/6).
29
Let o = -417 - -1624. List the prime factors of o.
17, 71
Suppose 4*j = y - 2635, -y - 3*j = -1759 - 883. List the prime factors of y.
7, 13, 29
Let s = 17 - 19. Let f = s - -4. List the prime factors of 11*(f - (-2 - -3)).
11
Let g(r) be the second derivative of r**7/504 - r**6/720 - r**5/120 + r**4/6 + 4*r. Let d(t) be the third derivative of g(t). List the prime factors of d(2).
17
Suppose 0*b - b - 19 = 2*z, 4*b = -4. Let c = 14 + z. Suppose 62 = c*f - 68. List the prime factors of f.
2, 13
Let u be -3 - (4 - (-81 + -3)). Let r = u + 42. Let o = r + 79. What are the prime factors of o?
2, 3, 5
List the prime factors of (-4)/(-14) + 21174*50/420.
2521
Let m = 156 + -157. Let o(b) = -353*b**3 - 2*b - 1. List the prime factors of o(m).
2, 3, 59
Let c = 287 + -222. List the prime factors of c.
5, 13
Suppose 0 = -0*j + 7*j + 770. Let c = j + 201. What are the prime factors of c?
7, 13
What are the prime factors of 2619/(-54)*7/((-14)/36)?
3, 97
Suppose 4*f + 429 = 4*i + i, -f + 2*i = 108. List the prime factors of (f/6)/((-19)/57).
53
Let f = 2 + 4. Let i = f - 11. Let v = 16 + i. List the prime factors of v.
11
What are the prime factors of (-47)/(66/12 + -6)?
2, 47
List the prime factors of ((-756)/(-15))/(-6)*(18 + -88).
2, 3, 7
Suppose -5*w + 44 = 4*k - 1202, -3*k = -5*w - 917. Let u = -140 + k. What are the prime factors of u?
13
Let l = 161 - -474. What are the prime factors of l?
5, 127
Let c(r) = r**3 - r**2 - r. Let t = -11 - -10. Let g(n) = -3*n**3 + 8*n**2 - 5*n - 4. Let w(m) = t*g(m) - 4*c(m). What are the prime factors of w(-6)?
2, 11
Suppose -y - 3*n = -911, 4*y - 5*n - 3604 = -9*n. List the prime factors of y.
2, 7
Suppose 13 = -3*q + 4. Let l be (q + (-12)/(-5))*5. What are the prime factors of (-3 - l/(-9))*-6?
2, 5
Let j(u) = 10 - 29 + 7 + 7 - 2*u + 4*u**2. Let z be j(-5). Suppose -15*x + z = -12*x. List the prime factors of x.
5, 7
Suppose 4*t = -b + 1197, -8*t + 4740 = 4*b - 4*t. What are the prime factors of b?
1181
Let y = -51 + 51. Suppose 18 = 4*n - 0*n - 5*i, 3*i + 6 = y. List the prime factors of n.
2
List the prime factors of 9/2*((-1794)/(-18) + -3).
3, 5, 29
Let d = -36 + 21. Let l = d - -23. List the prime factors of l.
2
Suppose y + 2*g - 1048 = 5*g, -5*y + 4*g = -5295. What are the prime factors of y?
1063
Let z(g) = -g**3 - 20*g**2 + g + 35. Let a be z(-20). List the prime factors of -2 - a/9*(-64 - -1).
103
What are the prime factors of -3 - 0 - -604 - (-9 - -8)?
2, 7, 43
Suppose 2*t - 5*k - 18 = -51, -t + 2*k - 15 = 0. Let s be 2 + -30 + -4 + 1. Let a = t - s. What are the prime factors of a?
2, 11
Let f be 6/(-33)*(-6 - 5). Let d be 3/2 + (-1)/(-2). Suppose -f*p + 128 = d*p. What are the prime factors of p?
2
Let u(c) = c**3 - 2*c**2 + 2*c - 1. Let i be u(1). Suppose i = 5*a - 7 - 3. What are